Let v(c) = c**2 + 4*c - 3. Suppose -4*n + 6*n = -8. Let q be v(n). What are the prime factors of 1 + q/(-2 - -1)?
2
Let g(w) = -w + 7. Let v(z) = z. Let i be v(5). Let c be g(i). Suppose 0*k = c*k - 18. List the prime factors of k.
3
Let o(g) = -g**3 + 8*g**2 - 5*g + 6. List the prime factors of o(7).
2, 5
Suppose 0 = -3*o + 4*o - 6. What are the prime factors of o?
2, 3
Let v be -1*((-23 - 3) + -3). Let x = -12 + v. What are the prime factors of x?
17
Let m = 9 - 1. Let i = 25 - m. List the prime factors of i.
17
Let f be 117/12 - (-1)/4. Suppose 4*j = -j - f. What are the prime factors of (-1)/(j*1/4)?
2
Let z(g) = 12*g**3 + 2*g - 4 + 3*g**3 - 16*g**3 + 4*g**2. Let m = 5 - 2. What are the prime factors of z(m)?
11
Let n be 2*1*(-22)/(-4). Suppose -2*l - l - 3*d = -21, 3*l - 5*d = -n. List the prime factors of l.
3
Let t(n) = n**2 + 9*n - 13. Let k be t(-10). Let o = 1 + k. List the prime factors of (-6)/4 + (-27)/o.
2, 3
Let i(s) = -2*s**3 + 4*s**2 - 2*s - 2. Let j be i(2). Let f = 21 + j. Let k = 25 - f. What are the prime factors of k?
2, 5
Let z = 31 + 30. List the prime factors of z.
61
Suppose 0 = 7*n - 292 - 639. What are the prime factors of n?
7, 19
Suppose -4*x + v - 5 + 64 = 0, -68 = -4*x + 4*v. Suppose 0 = u - 2 - x. List the prime factors of u.
2
Suppose -j + 0*b = 2*b + 3, -3*b = -4*j - 67. Let w(a) = a**3 - 5*a**2 - 4*a + 6. Let p be w(6). Let g = p + j. What are the prime factors of g?
5
Suppose -425 = -10*n + 5*n. Let p = n + -45. List the prime factors of p.
2, 5
Let v = 0 + 4. List the prime factors of v.
2
Suppose 318 = 6*o - 468. What are the prime factors of o?
131
Let o(b) = 7*b - 10. Let q be (-3)/(-12) - (-62)/8. Let r be o(q). Suppose 0 = -i + c - 9 + 22, 2*c + r = 4*i. List the prime factors of i.
2, 5
Suppose 4*s - 3*i = s + 27, -4*s + 12 = 2*i. Let v = s + 0. Suppose -h - 3*h + 28 = -d, 5*d + 20 = v*h. What are the prime factors of h?
2
Let c(g) = -g**2 + 18. Let u be c(0). Suppose 0 = -4*j + j + u. Suppose 2*t - j*t = -8. What are the prime factors of t?
2
Let d be 1 + (-4)/(1 + -3). Suppose -d*u + 35 = -13. List the prime factors of u.
2
Let g(t) = -t. Let d be g(-4). Suppose -1 = -v + d. Let p(o) = o**2 - 3*o - 6. List the prime factors of p(v).
2
Let q(m) = -m**3 - 19*m**2 + 27. What are the prime factors of q(-19)?
3
Suppose 0 = 4*c - 2*c - 214. What are the prime factors of c?
107
Let f = 8 + -11. Let b = f - -8. List the prime factors of -1 + (-2 + b)*1.
2
Let k(r) = -20*r - 3. List the prime factors of k(-2).
37
List the prime factors of (-24)/(2*2/(-8)).
2, 3
List the prime factors of 4*(-1 - -66) - (-6 + 2).
2, 3, 11
Let t(d) be the first derivative of 2 + d + 3/2*d**2 - 1/4*d**4 + 4/3*d**3. What are the prime factors of t(4)?
13
Suppose r = 5 - 3. Suppose -r*k - 7 + 59 = 0. What are the prime factors of k?
2, 13
Let c be (-17)/3 - 1/3. Let s = c + -4. List the prime factors of (18/s)/(1/(-5)).
3
Let t(u) = 63*u - 1. Let y be t(-2). Let q = 178 + y. List the prime factors of q.
3, 17
Suppose 3*z = 4*k + 18, -2*z + 2*k + 2*k = -16. Suppose 0 = -z*p + 1 + 35. What are the prime factors of p?
2, 3
Suppose w + 0*w + 9 = 0. Let c = w - -30. What are the prime factors of c?
3, 7
Let s(k) = -9*k - 2. Let g be s(-3). Suppose 5*t = -n + 19, 0*t + 4*n - g = -3*t. List the prime factors of t.
3
Suppose 5*c - 15 = -0. List the prime factors of c.
3
Suppose 3*j - 29 - 16 = 0. List the prime factors of j.
3, 5
Let n be 4/(-3) + 4/12. Let f(u) = 10*u - 1. Let o be f(n). List the prime factors of (o - -5)*(-2)/1.
2, 3
Suppose -3*u = -7*u. Suppose 0 = 4*t - 0 - 32. Suppose -3*k + k + 23 = -5*x, u = 5*k + 4*x - t. List the prime factors of k.
2
Let r be 4 - (0 + 0 - 0). Suppose -n + r = n. Suppose 0 = 2*c + n*k - 16, 8 = c - 2*k - 0. What are the prime factors of c?
2
Let z(f) = -2*f + 35. What are the prime factors of z(-22)?
79
Let s = -5 - -6. Let q be ((-20)/6)/(s/(-21)). Suppose 3*b + 0*b + q = 5*m, 2*b - 27 = -m. List the prime factors of m.
17
Suppose 6 + 1 = -x. Let k(d) = -d**3 - 6*d**2 + 3*d - 1. Let s be k(x). Suppose 0*p = -3*p + s. List the prime factors of p.
3
Let f be 4/(-5)*(-20)/(-8). Let u(t) = 9*t**2 + 3*t + 2. List the prime factors of u(f).
2
Let n(s) = -s**2 - 5*s + 8. Let q be n(-6). Suppose q*u - 69 = -3*b, -2*u + 77 = -0*u - 5*b. List the prime factors of u.
2, 3
Let g = 25 - 2. What are the prime factors of g?
23
Let x(f) = f**3 + 4*f**2 - 4*f + 2. List the prime factors of x(-4).
2, 3
Let o(l) = -l**3 - 4*l**2 + 4*l - 4. Let s be o(-5). Let h be (-2 + s)*0/(-2). Suppose -k = 4*v + 1, h*k + 5*v = -4*k + 7. What are the prime factors of k?
3
Suppose 30 = c + c. Suppose b + 4*b - c = 0. Suppose -b*l - 4 = -5*l. List the prime factors of l.
2
Let i be 3*(-1 - (-13)/3). Suppose -4*d + 2 = 10. List the prime factors of i/(-1 - d - -1).
5
Let t = -391 - -603. List the prime factors of t.
2, 53
Let h be ((-8)/(-6))/(6/9). Suppose d - h = 16. List the prime factors of d.
2, 3
Let m(n) = n**2 + 2*n - 6. Let l be m(6). Suppose -x - 33 = -2*v, 10 + l = 3*v + x. List the prime factors of v.
17
What are the prime factors of -3 - -393 - (12 - 8)?
2, 193
Let n = -12 - -17. Suppose -5*f + 3*b = -2*b - 55, 4*f + n*b = 62. What are the prime factors of f?
13
Let b = -6 + 10. Suppose -3*r = -a - 19, 4*r + 2*a - b*a = 28. Suppose m = -r*y + 5*m + 36, 37 = 4*y + 5*m. List the prime factors of y.
2
Suppose -6*y + y + 75 = 0. Let b be 14/21*(0 + y). List the prime factors of (-6)/(-2)*b/2.
3, 5
Suppose 2*c + 5 = -3*c + 5*x, 5 = 3*c + x. Let s be c/1*(-10 + -1). List the prime factors of (s*(-4)/(-2))/(-2).
11
Suppose 2*k - 22 = -3*b, 2*b = k + 6*b - 21. Suppose 22 = k*q - 4*l, -4*l = 2*q + l - 22. Let y = q - 3. List the prime factors of y.
3
Let s(o) = -23*o + 16. List the prime factors of s(-5).
131
Let l(h) = h**2 + 7*h + 2. Let t be l(-6). Let q = 20 + t. List the prime factors of q.
2
Let f be (3 + -2)/((-3)/27). List the prime factors of f/(-3) + 0 + 21.
2, 3
Suppose -2*r + 47 + 37 = 0. What are the prime factors of r?
2, 3, 7
Suppose -2*t + 28 = 3*l, 3*t - 3*l + 2*l - 20 = 0. Suppose -3*a + 10 = -t. What are the prime factors of a?
2, 3
Let v be ((-63)/(-6))/((-2)/(-12)). Suppose 2*n - 3*w - 95 = -3*n, 3*w = 3*n - v. List the prime factors of n.
2
Suppose 3*j + 91 = 2*g + 11, 5*j - 14 = -g. What are the prime factors of g?
2, 17
Let r = -29 + 41. Let s be (6/(-12))/((-1)/r). Suppose 0 = y + 2*q - 9, 4*y + 5*q - 45 = s*q. List the prime factors of y.
11
Let h be ((-6)/4 - 0)*-2. Suppose 0*d = -h*d + 4*n - 20, -2*d - 5*n = 44. Let c = d + 22. List the prime factors of c.
2, 5
Let j(s) = s**2 - s - 3. Let d = 6 - 3. Suppose -d*c = 6, 5*c + 0 = o - 7. What are the prime factors of j(o)?
3
Let v(t) = -t - 1. Let y be v(-3). Let w = 15 + -15. Suppose y*s = 26 - w. What are the prime factors of s?
13
Let h be 2 + (-3)/(-6)*68. Suppose -5*s + 45 = -3*q, 4*s = -0*s - 5*q + h. What are the prime factors of s?
3
Let g(s) = -8*s**3 + 2*s**2 + s. Let v be g(-1). Suppose 71 = 5*n - v. What are the prime factors of n?
2
Suppose 5*h - 3*h + 4 = 0. List the prime factors of 90/4 - 3/h.
2, 3
Suppose -5*w = 2*j + 83, j - 10 - 1 = w. List the prime factors of (1 + 16/(-6))*w.
5
Let k(x) be the second derivative of x**4/12 - 7*x**3/6 + 3*x**2/2 + x. Let t be k(5). Let w = -3 - t. List the prime factors of w.
2
Suppose -3*m + 2 - 14 = -3*t, 2*m - 3*t + 9 = 0. Let x be (1 + 0)*9*1. Let k = x + m. List the prime factors of k.
2, 3
Suppose 5*s + m - 45 = 0, 3*s = -2*s - 4*m + 30. List the prime factors of s.
2, 5
Let s(q) = -q**3 + 9*q**2 + 4*q + 5. What are the prime factors of s(9)?
41
Suppose 11*m = 3*m + 1144. What are the prime factors of m?
11, 13
Suppose 0 = -3*r + 3*b + 411, 4*r + 5*b - 695 = -r. List the prime factors of r.
2, 3, 23
Let v = 121 - 80. What are the prime factors of v?
41
Let u = 54 - 42. What are the prime factors of u?
2, 3
Let j = -45 + 89. Suppose 0 = -3*u - u + j. What are the prime factors of u?
11
Let p(x) = 4*x - 10. Let d be p(13). What are the prime factors of (-278)/(-12) + (-7)/d?
23
Suppose 3*j = t + 213, -3 = -t - 0*t. List the prime factors of j.
2, 3
Let l = 42 - 19. List the prime factors of l.
23
Suppose -39 = g + 2*g. Suppose 73 = 4*a - 15. Let x = g + a. What are the prime factors of x?
3